- 2 - d*r + c. Calculate w(5).
13
Let f(a) = -a**3 - 4*a**2 - 2. Let u be (30/54*-6)/(4/(-18)). Suppose -5*d + 4*o = 20, 2*d + u = 2*o + 7. Calculate f(d).
-2
Let n = -6670 - -6677. Let k(r) = 14*r - 8. Let x(f) = 5*f - 3. Let y(t) = 6*k(t) - 17*x(t). Determine y(n).
-4
Let o = -14 + 16. Let i(j) = j**3 - 1. Let w(q) = -6*q**3 + 2*q**2 - q + 5. Let p(n) = -5*i(n) - w(n). Calculate p(o).
2
Let i(r) = r**3 - 2*r**2 - 2*r - 3. Let p be (20/6)/((-2)/(-3)). Suppose 8*a = p*a + 6. Let y be (-1)/((-2)/(a + 4)). Give i(y).
0
Let i = -89 - -81. Let p(v) = 20*v + 11. Let d(u) = 7*u + 4. Let c(g) = -17*d(g) + 6*p(g). Let j(n) = 3*n - 5. Let y(z) = i*c(z) + 3*j(z). Give y(4).
5
Suppose 4*b - 25 = -5*p, 3*b + 2*p - 27 = -2*b. Let y(g) = -g**3 + 5*g**2 + g - 3. Give y(b).
2
Suppose -r - 8 = -3*r. Let d(y) = -y. Let o(b) = -3*b + 2. Let k(m) = r*d(m) - o(m). What is k(0)?
-2
Suppose 28 = -5*x - 47. Let d(k) = k**2 + 15*k + 4. Let z be d(x). Let m(u) = -1 - 7*u**2 + 6*u**3 - 7*u**3 - z*u - 2*u. Give m(-6).
-1
Suppose -2*j - 4*r = 0, 6*j = 4*j - r + 9. Let x(g) = -4 + 2 + 0 - g**2 + 0*g**2 + 0*g**2 + 8*g. Calculate x(j).
10
Let v(i) = i**3 + 7*i**2 - 7*i - 6. Let l(r) = -3*r**3 - 22*r**2 + 21*r + 17. Let a(p) = 2*l(p) + 7*v(p). Suppose -2*u - 15 = -3. Calculate a(u).
-2
Let s be -20*((-4)/(-2) + (-12)/5). Suppose -6*p = -10*p - 2*x - 4, 4*p - 4*x = s. Let i(b) = -b**2 + 8. Calculate i(p).
8
Let v(w) be the first derivative of -7 + 0*w**2 - 8/3*w**3 - w. Determine v(-1).
-9
Let r(o) = -5*o - 14. Let y(h) = h**2 - 3*h + 1. Let m(d) = r(d) - y(d). What is m(-6)?
-39
Suppose 5*s + 18 = d, -5*s - 14 = d - 2. Let x(c) = -c**2 + 10*c**3 - 2*c - 6*c**3 - 3*c**d. What is x(2)?
0
Suppose 13*m - 9*m + 5*f = -21, 3*f = -5*m - 10. Let n(d) be the first derivative of m - 2*d + 3/2*d**2. Calculate n(-3).
-11
Let b be 1/(-4) - 1845/492. Let h(w) = w**3 + 5*w**2 + w - 5. Give h(b).
7
Let r(o) be the third derivative of -o**6/120 - o**5/60 + o**3/3 - 36*o**2. Let a = -5 + 8. Suppose 2*v = -a*v. Give r(v).
2
Suppose a - 6 = 2*r - 4, 4*a = 3*r + 13. Let q = 2 + r. Let u(f) = q + 3 - 10 - f. Give u(0).
-4
Let t(k) = -2*k**2 - 3*k - 1. Let v(i) = 7*i**2 + 27*i + 7. Let n(h) = 4*t(h) + v(h). Give n(14).
17
Let j(l) = -l**2 - l + 4. Let b = 9 + -5. Suppose -s + b*i + 5 = 0, -5*i + i = 0. Suppose s*k = -2*h + 1, 3*h + 2 = k + 12. Give j(h).
-8
Let w(h) = -h**3 + 7*h**2 - 4*h - 1. Let a = -105 - -102. Let i be (-8)/(-10) + 41/5 + a. Determine w(i).
11
Let p(m) = m + 2. Suppose 0 = 4*b - 4*l + 96 - 64, 2*b - 3*l = -17. Determine p(b).
-5
Let u be 3/2 - 14/(-4). Let n(w) = w - 6 + 6 - 6. Determine n(u).
-1
Suppose -9*v + 7*v + 3*u = -25, -5*v + 5*u = -50. Let o(p) = p**2 - 6*p - 2. Determine o(v).
-7
Let q be (-3)/21 + 88/28. Let i(t) = 5 - 29*t**2 - 25*t**2 + 60*t**2 + 11*t - 4*t - t**q. Calculate i(7).
5
Let n = -3 + 2. Let l be (0 - n)*(2 + -6). Let k(y) be the second derivative of y**5/20 + 5*y**4/12 + y**3/2 - 3*y**2/2 - 2*y. Calculate k(l).
1
Let j(n) = 2*n**2 + 3*n - 1. Let a(x) = x**2 - x - 1. Suppose -14 = -3*k + 4*k. Let h be (-48)/k + (-12)/28. Let v(w) = h*a(w) - j(w). What is v(5)?
-7
Let l(z) be the third derivative of z**5/60 - z**4/8 + z**3/3 - 144*z**2. Let f be 4/6 + (-32)/(-6). Give l(f).
20
Let m(c) = -2*c + 2. Let b be -3 + 8 - 27 - (0 - 0). Let h(i) = -9*i + 2. Let a be h(3). Let f = b - a. Give m(f).
-4
Let c(l) = 21*l**2 - 7*l + 4. Let s(z) = -22*z**2 + 8*z - 5. Let a(k) = 6*c(k) + 5*s(k). Let j be (9 + (4 - 14))/1. Calculate a(j).
17
Let x(s) = -s**3 + 7*s**2 - 8*s + 4. Suppose 5*g - 3 = 2. Let n be 6/(g/3*3). Determine x(n).
-8
Let v(g) = -g**3 - 13*g**2 - 14*g - 29. Suppose 773 = -102*w - 451. Determine v(w).
-5
Let q(l) be the second derivative of -10*l + 1/20*l**5 + 0*l**4 - 3/2*l**2 + 0 - 2/3*l**3. Determine q(-2).
-3
Let y(w) = -3*w - 3. Suppose 9 = -3*s, 19*s - 15*s = -2*h - 22. Calculate y(h).
12
Let g(w) = w**3 + 2*w**2 + 2*w - 1. Suppose 4*x + 6*s = 2*s, -3*s = -5*x - 16. What is g(x)?
-5
Let n(q) = -6*q**3 - 4*q**2 - 4*q - 8. Let y(p) = -5*p**3 - 4*p**2 - 4*p - 7. Let l(z) = 4*n(z) - 5*y(z). Calculate l(-2).
3
Suppose 5*j = 3*z - 428 + 323, -j = 3*z - 87. Let m(d) = -2*d**2 + 60*d + 6. Determine m(z).
6
Let k be -3*(325/(-15))/5. Let f(q) = -2*q**2 - 5 + k - 13 + 3*q + 3*q**2. Determine f(-4).
-1
Let w(p) = -2*p - 1. Let d be -2 - (3 + -1 + -5). Let i(u) = -23*u - 5. Let a(j) = d*i(j) - 6*w(j). What is a(3)?
-32
Let m(w) = 3*w**2 - 2. Let q(j) = -j - 13. Let u be q(-15). Suppose 4*o = b - 2*b - 13, u*b = 5*o. What is m(o)?
10
Let b(p) be the third derivative of p**6/120 - 3*p**5/20 + 7*p**4/24 + 5*p**3/6 - p**2. Suppose 0 = 45*o - 15*o - 240. Give b(o).
-3
Suppose 0 = -0*g + 2*g - 2. Let c(z) = 2*z + 14. Let q be c(-4). Let k(i) = -q*i - 1 + i**3 + 2*i**3 + 7*i. Calculate k(g).
3
Let r be -1 + 3 - (2 - 2). Suppose 5*j = 4*x + 9, -r*x - 3*j = 3*x + 39. Let d(u) = -u**3 - 7*u**2 - 5*u - 2. Determine d(x).
-8
Let u(k) = -5*k + 4. Suppose 419*v = 415*v + 32. Give u(v).
-36
Suppose -30 = -39*o + 24*o. Let a(z) = 6*z - 6. Let b(l) = -l + 1. Let d(u) = -a(u) - 3*b(u). Give d(o).
-3
Let v(j) = 54*j**2 - 9*j - 12. Let z(k) = 19*k**2 - 3*k - 4. Let w(g) = -6*v(g) + 17*z(g). Calculate w(4).
0
Suppose 2*p = 1 + 5. Suppose 5*r + 3*i - 15 = -2*i, 0 = -2*r - 5*i + 9. Let x(z) = -p*z**r + z**3 + z**2 - 6*z**2 - 9 + 3*z + 5*z. Give x(7).
-2
Let m(y) = y**2 - 4*y - 3. Let r be m(-2). Let n(v) = -13*v + 11. Let g(p) = -16*p + 13. Let c(l) = 4*g(l) - 5*n(l). Calculate c(r).
6
Let v be 30/(-42) + 3 - (-2)/(-7). Let u(w) = -6*w**2 - 2*w + 3. What is u(v)?
-25
Suppose -g - g = 0. Let h(f) = 2*f - f - 2*f + f**2 - f**3 + g*f**2. Let w(q) = 3*q**3 - 5*q**2 + 5*q - 4. Let r(p) = 4*h(p) + w(p). What is r(0)?
-4
Let h(a) = -a**3 - 7*a**2 - 6*a - 6. Suppose -3*t - z = -6*t - 3, -t + 3 = z. Suppose -1 = -4*k + 5*u, 4*k + t*u + u = -29. Give h(k).
-6
Suppose 3*o = -4*o + 35. Suppose 2*w - 3 = -o*j - 16, 5*w = -j - 21. Let u(n) = -5*n - 1. Calculate u(j).
4
Suppose 27*v + 4 = 28*v. Let m(j) be the third derivative of 0*j - 5/24*j**v - 1/60*j**5 + 4*j**2 + 0 - 2/3*j**3. Determine m(-4).
0
Let c = -7 + 9. Let t(i) = -4*i**2 + 6*i - 2 + c*i**2 - 3*i - i**3. Determine t(2).
-12
Suppose 0 = -5*h - 0*h - 4*j - 3, 2*h = 3*j + 8. Let r(w) = 10*w**2. Give r(h).
10
Let d(o) = -o**3 + o**2 + o - 2. Suppose -5*j = -2*j - 3. Let y be d(j). Let c(p) = -7*p**3 - 1. Calculate c(y).
6
Let r(o) = 3*o + 1. Let i(z) = 3*z + 0*z - 6 + 6. Let w(s) = 3*i(s) - 2*r(s). Calculate w(-4).
-14
Let d = 62 + -34. Suppose 4*x + d = 8. Let b(i) = -i**2 - 4*i - 6. Determine b(x).
-11
Let w(v) be the first derivative of -v**3/3 - 5*v**2/2 - 2*v + 257. Give w(-3).
4
Let f(o) = 2*o**2 - 8*o + 11. Let z = 2921 - 2917. What is f(z)?
11
Let c(g) = g**2 - 7*g - 8. Let j be 7/21 + 100/6. Suppose -z - 3*a = -j, 5*a - 2*a + 31 = 5*z. Give c(z).
0
Suppose v + 2*p + 7 = -2*v, -10 = 2*p. Let z(g) = -4*g + v - 3 + 6. Let l = 4 + -1. What is z(l)?
-8
Let v(s) be the second derivative of s**5/20 - 2*s**4/3 - s**3/6 - 4*s**2 + 3*s. Let q(n) = -n**2 - n. Let j(y) = 2*q(y) - v(y). Determine j(6).
2
Let y(r) be the third derivative of -r**4/12 - 25*r**3/6 + 53*r**2. What is y(-11)?
-3
Let u(p) = 2*p**2 + 10*p + 13. Let o(t) = -t**2 - 5*t - 7. Let h = 3 - 0. Let j(i) = h*u(i) + 5*o(i). Let a(r) = 26*r - 57. Let q be a(2). Determine j(q).
4
Let q(b) be the third derivative of b**6/120 - b**5/30 - 5*b**4/24 + b**3/2 + 69*b**2 + 2*b. Give q(3).
-3
Let k(w) = 2*w + 3. Suppose 2*y - 124 = 3*d, -d - 3*y = 2*y + 13. Let f = 32 + d. Give k(f).
-9
Let b(y) be the second derivative of y**4/12 + 4*y**3/3 + 4*y**2 + y. Let f(u) = 2*u**3 + 11*u**2 - 36*u + 26. Let h be f(-8). Calculate b(h).
-4
Let u(y) = 8 + 77*y**2 + y**3 - 26*y + 15*y - 82*y**2. Calculate u(7).
29
Let z be (4/10)/(2/(-20)). Let c(w) = 6*w - 124. Let r(u) = -4*u + 88. Let g(q) = -5*c(q) - 7*r(q). What is g(z)?
12
Let l(q) = -3*q - 8. Let z(t) = -t**2 - t + 6. Let d be z(2). Give l(d).
-8
Let z(h) = h + 6. Let u(b) = -b**2 + 8*b. Suppose 0 = 5*r - 0*r + 40. Let v(o) = -o. Let a be v(r). Let m be u(a). What is z(m)?
6
Let y(v) = v**2 - v - 1. Let m be y(0). Let s(c) = -1. Let o(a) = -2*a - 2. Suppose 4 = -47*u + 46*u. Let g(b) = m*o(b) + u*s(b). Give g(-4).
-2
Let j(m) = -m**3 +